{"id":36,"date":"2020-01-05T18:44:50","date_gmt":"2020-01-05T18:44:50","guid":{"rendered":"http:\/\/familiengeschichte-erleben.de\/?page_id=36"},"modified":"2020-01-29T21:37:18","modified_gmt":"2020-01-29T21:37:18","slug":"ueber-mich-familiengeschicht-erleben-anke-stier","status":"publish","type":"page","link":"https:\/\/familiengeschichte-erleben.de\/?page_id=36","title":{"rendered":"\u00dcber mich"},"content":{"rendered":"\n<p style=\"font-size:10px\" class=\"has-text-align-right\">Familiengeschichte erleben &#8211; Anke Stier &#8211; \u00fcber mich<\/p>\n\n\n\n<p>Es begann damit, dass ich nach dem Tod meiner Eltern meine  Familiengeschichte und meine Wurzeln suchte. Das Wissen um die eigene  Herkunft verbindet einen mit Menschen und Orten und gibt neue Sichtweisen auf das eigene  Leben. Die eigene Familiengeschichte entdecken hilft auch gro\u00dfe geschichtliche Zusammenh\u00e4nge besser zu verstehen.<\/p>\n\n\n\n<p>Diese Erfahrungen m\u00f6chte ich gerne mit Ihnen teilen. <\/p>\n\n\n\n<div class=\"wp-block-media-text alignwide has-background is-stacked-on-mobile\" style=\"background-color:#373434;grid-template-columns:46% auto\"><figure class=\"wp-block-media-text__media\"><img loading=\"lazy\" decoding=\"async\" width=\"346\" height=\"412\" src=\"http:\/\/familiengeschichte-erleben.de\/wp-content\/uploads\/2020\/01\/Anke-2-2.jpg\" alt=\"Anke Stier (Photo) Familiengeschichte erleben\" class=\"wp-image-37\" srcset=\"https:\/\/familiengeschichte-erleben.de\/wp-content\/uploads\/2020\/01\/Anke-2-2.jpg 346w, https:\/\/familiengeschichte-erleben.de\/wp-content\/uploads\/2020\/01\/Anke-2-2-252x300.jpg 252w\" sizes=\"auto, (max-width: 346px) 100vw, 346px\" \/><\/figure><div class=\"wp-block-media-text__content\">\n<p style=\"color:#ffffff\" class=\"has-text-color has-large-font-size\">Anke Stier<\/p>\n\n\n\n<p style=\"color:#ffffff;font-size:16px\" class=\"has-text-color has-text-align-left\">1972 wurde ich in <a href=\"https:\/\/de.wikipedia.org\/wiki\/K%C3%BCnzelsau\">K\u00fcnzelsau <\/a>geboren.<\/p>\n\n\n\n<p style=\"color:#ffffff;font-size:16px\" class=\"has-text-color\">Mein Stammbaum hat auch schon ein paar \u00c4ste: Ich bin gl\u00fccklich verheiratet und Mutter von 3 Kindern.<\/p>\n\n\n\n<p style=\"color:#ffffff;font-size:16px\" class=\"has-text-color\">Seit 2016 mache ich mich als Hobby-Familienforscherin auf die Suche nach den Spuren der Vorfahren. <\/p>\n\n\n\n<p style=\"color:#ffffff\" class=\"has-text-color\"><a href=\"http:\/\/familiengeschichte-erleben.de\/?page_id=41\">Kontakt<\/a><\/p>\n<\/div><\/div>\n\n\n\n<div class=\"wp-block-media-text alignwide has-media-on-the-right is-stacked-on-mobile\"><figure class=\"wp-block-media-text__media\"><img loading=\"lazy\" decoding=\"async\" width=\"537\" height=\"423\" src=\"http:\/\/familiengeschichte-erleben.de\/wp-content\/uploads\/2020\/01\/Text.jpg\" alt=\"Textdokument (Beispiel) Familiengeschichte erleben\" class=\"wp-image-20\" srcset=\"https:\/\/familiengeschichte-erleben.de\/wp-content\/uploads\/2020\/01\/Text.jpg 537w, https:\/\/familiengeschichte-erleben.de\/wp-content\/uploads\/2020\/01\/Text-300x236.jpg 300w\" sizes=\"auto, (max-width: 537px) 100vw, 537px\" \/><\/figure><div class=\"wp-block-media-text__content\">\n<p style=\"color:#373434\" class=\"has-text-color\">Erfahrungen habe ich bisher vor allem bei der Recherche zur Familien-  und H\u00e4usergeschichte in der Region (Hohenlohe, Schw\u00e4bisch Hall).<\/p>\n\n\n\n<p style=\"color:#373434\" class=\"has-text-color\">Gerne  erweitere ich aber gemeinsam mit Ihnen mein Wissen. <\/p>\n\n\n\n<p>Erfahrung im Lesen von alten Schriften und Dokumenten ist dabei eine wichtige Vorraussetzung. Mindestens genauso wichtig sind f\u00fcr mich aber auch Neugier und Freude beim Recherchieren.<\/p>\n<\/div><\/div>\n\n\n\n<p>In einigen Seminaren und Vortr\u00e4ge, vor allem aber durch Recherchearbeit, konnte ich mir die Themen im Bereich der Ahnenforschung ( Genealogie) erarbeiten.<\/p>\n\n\n\n<p style=\"font-size:10px\" class=\"has-text-align-right\">Familiengeschichte erleben &#8211; Anke Stier &#8211; \u00fcber mich <\/p>\n","protected":false},"excerpt":{"rendered":"<p>Familiengeschichte erleben &#8211; Anke Stier &#8211; \u00fcber mich Es begann damit, dass ich nach dem Tod meiner Eltern meine Familiengeschichte und meine Wurzeln suchte. Das Wissen um die eigene Herkunft verbindet einen mit Menschen und Orten und gibt neue Sichtweisen auf das eigene Leben. Die eigene Familiengeschichte entdecken hilft auch gro\u00dfe geschichtliche Zusammenh\u00e4nge besser zu<span class=\"post-excerpt-end\">&hellip;<\/span><\/p>\n<p class=\"more-link\"><a href=\"https:\/\/familiengeschichte-erleben.de\/?page_id=36\" class=\"themebutton\">Read More<\/a><\/p>\n","protected":false},"author":1,"featured_media":0,"parent":0,"menu_order":0,"comment_status":"closed","ping_status":"closed","template":"","meta":{"footnotes":""},"class_list":["post-36","page","type-page","status-publish","hentry"],"yoast_head":"<!-- This site is optimized with the Yoast SEO plugin v27.3 - https:\/\/yoast.com\/product\/yoast-seo-wordpress\/ -->\n<title>\u00dcber mich - Familiengeschichte erleben - Anke Stier<\/title>\n<meta name=\"description\" content=\"\u00dcber mich - Familiengeschichte erleben - Anke Stier. Ahnenforschung - meine pers\u00f6nliche Motivation: Nur wer seine Wurzeln kennt kann leben.\" \/>\n<meta name=\"robots\" content=\"index, follow, max-snippet:-1, max-image-preview:large, max-video-preview:-1\" \/>\n<link rel=\"canonical\" href=\"https:\/\/familiengeschichte-erleben.de\/?page_id=36\" \/>\n<meta property=\"og:locale\" content=\"de_DE\" \/>\n<meta property=\"og:type\" content=\"article\" \/>\n<meta property=\"og:title\" content=\"\u00dcber mich - Familiengeschichte erleben - Anke Stier\" \/>\n<meta property=\"og:description\" content=\"\u00dcber mich - Familiengeschichte erleben - Anke Stier. Ahnenforschung - meine pers\u00f6nliche Motivation: Nur wer seine Wurzeln kennt kann leben.\" \/>\n<meta property=\"og:url\" content=\"https:\/\/familiengeschichte-erleben.de\/?page_id=36\" \/>\n<meta property=\"og:site_name\" content=\"Familiengeschichte erleben\" \/>\n<meta property=\"article:modified_time\" content=\"2020-01-29T21:37:18+00:00\" \/>\n<meta property=\"og:image\" content=\"http:\/\/familiengeschichte-erleben.de\/wp-content\/uploads\/2020\/01\/Anke-2-2.jpg\" \/>\n<meta name=\"twitter:card\" content=\"summary_large_image\" \/>\n<meta name=\"twitter:label1\" content=\"Gesch\u00e4tzte Lesezeit\" \/>\n\t<meta name=\"twitter:data1\" content=\"1\u00a0Minute\" \/>\n<script type=\"application\/ld+json\" class=\"yoast-schema-graph\">{\"@context\":\"https:\\\/\\\/schema.org\",\"@graph\":[{\"@type\":\"WebPage\",\"@id\":\"https:\\\/\\\/familiengeschichte-erleben.de\\\/?page_id=36\",\"url\":\"https:\\\/\\\/familiengeschichte-erleben.de\\\/?page_id=36\",\"name\":\"\u00dcber mich - Familiengeschichte erleben - Anke Stier\",\"isPartOf\":{\"@id\":\"https:\\\/\\\/familiengeschichte-erleben.de\\\/#website\"},\"primaryImageOfPage\":{\"@id\":\"https:\\\/\\\/familiengeschichte-erleben.de\\\/?page_id=36#primaryimage\"},\"image\":{\"@id\":\"https:\\\/\\\/familiengeschichte-erleben.de\\\/?page_id=36#primaryimage\"},\"thumbnailUrl\":\"http:\\\/\\\/familiengeschichte-erleben.de\\\/wp-content\\\/uploads\\\/2020\\\/01\\\/Anke-2-2.jpg\",\"datePublished\":\"2020-01-05T18:44:50+00:00\",\"dateModified\":\"2020-01-29T21:37:18+00:00\",\"description\":\"\u00dcber mich - Familiengeschichte erleben - Anke Stier. Ahnenforschung - meine pers\u00f6nliche Motivation: Nur wer seine Wurzeln kennt kann leben.\",\"breadcrumb\":{\"@id\":\"https:\\\/\\\/familiengeschichte-erleben.de\\\/?page_id=36#breadcrumb\"},\"inLanguage\":\"de\",\"potentialAction\":[{\"@type\":\"ReadAction\",\"target\":[\"https:\\\/\\\/familiengeschichte-erleben.de\\\/?page_id=36\"]}]},{\"@type\":\"ImageObject\",\"inLanguage\":\"de\",\"@id\":\"https:\\\/\\\/familiengeschichte-erleben.de\\\/?page_id=36#primaryimage\",\"url\":\"https:\\\/\\\/familiengeschichte-erleben.de\\\/wp-content\\\/uploads\\\/2020\\\/01\\\/Anke-2-2.jpg\",\"contentUrl\":\"https:\\\/\\\/familiengeschichte-erleben.de\\\/wp-content\\\/uploads\\\/2020\\\/01\\\/Anke-2-2.jpg\",\"width\":346,\"height\":412},{\"@type\":\"BreadcrumbList\",\"@id\":\"https:\\\/\\\/familiengeschichte-erleben.de\\\/?page_id=36#breadcrumb\",\"itemListElement\":[{\"@type\":\"ListItem\",\"position\":1,\"name\":\"Startseite\",\"item\":\"https:\\\/\\\/familiengeschichte-erleben.de\\\/\"},{\"@type\":\"ListItem\",\"position\":2,\"name\":\"\u00dcber mich\"}]},{\"@type\":\"WebSite\",\"@id\":\"https:\\\/\\\/familiengeschichte-erleben.de\\\/#website\",\"url\":\"https:\\\/\\\/familiengeschichte-erleben.de\\\/\",\"name\":\"Familiengeschichte erleben\",\"description\":\"\",\"publisher\":{\"@id\":\"https:\\\/\\\/familiengeschichte-erleben.de\\\/#\\\/schema\\\/person\\\/0e3136c0d00fa15f9588438744240a62\"},\"potentialAction\":[{\"@type\":\"SearchAction\",\"target\":{\"@type\":\"EntryPoint\",\"urlTemplate\":\"https:\\\/\\\/familiengeschichte-erleben.de\\\/?s={search_term_string}\"},\"query-input\":{\"@type\":\"PropertyValueSpecification\",\"valueRequired\":true,\"valueName\":\"search_term_string\"}}],\"inLanguage\":\"de\"},{\"@type\":[\"Person\",\"Organization\"],\"@id\":\"https:\\\/\\\/familiengeschichte-erleben.de\\\/#\\\/schema\\\/person\\\/0e3136c0d00fa15f9588438744240a62\",\"name\":\"hickelti\",\"image\":{\"@type\":\"ImageObject\",\"inLanguage\":\"de\",\"@id\":\"https:\\\/\\\/secure.gravatar.com\\\/avatar\\\/2cbf71068d9b77d00a75a42210cb5bd46f5395fdd0d6ad34ea23fd9bc7ed98ee?s=96&d=mm&r=g\",\"url\":\"https:\\\/\\\/secure.gravatar.com\\\/avatar\\\/2cbf71068d9b77d00a75a42210cb5bd46f5395fdd0d6ad34ea23fd9bc7ed98ee?s=96&d=mm&r=g\",\"contentUrl\":\"https:\\\/\\\/secure.gravatar.com\\\/avatar\\\/2cbf71068d9b77d00a75a42210cb5bd46f5395fdd0d6ad34ea23fd9bc7ed98ee?s=96&d=mm&r=g\",\"caption\":\"hickelti\"},\"logo\":{\"@id\":\"https:\\\/\\\/secure.gravatar.com\\\/avatar\\\/2cbf71068d9b77d00a75a42210cb5bd46f5395fdd0d6ad34ea23fd9bc7ed98ee?s=96&d=mm&r=g\"}}]}<\/script>\n<!-- \/ Yoast SEO plugin. -->","yoast_head_json":{"title":"\u00dcber mich - Familiengeschichte erleben - Anke Stier","description":"\u00dcber mich - Familiengeschichte erleben - Anke Stier. Ahnenforschung - meine pers\u00f6nliche Motivation: Nur wer seine Wurzeln kennt kann leben.","robots":{"index":"index","follow":"follow","max-snippet":"max-snippet:-1","max-image-preview":"max-image-preview:large","max-video-preview":"max-video-preview:-1"},"canonical":"https:\/\/familiengeschichte-erleben.de\/?page_id=36","og_locale":"de_DE","og_type":"article","og_title":"\u00dcber mich - Familiengeschichte erleben - Anke Stier","og_description":"\u00dcber mich - Familiengeschichte erleben - Anke Stier. Ahnenforschung - meine pers\u00f6nliche Motivation: Nur wer seine Wurzeln kennt kann leben.","og_url":"https:\/\/familiengeschichte-erleben.de\/?page_id=36","og_site_name":"Familiengeschichte erleben","article_modified_time":"2020-01-29T21:37:18+00:00","og_image":[{"url":"http:\/\/familiengeschichte-erleben.de\/wp-content\/uploads\/2020\/01\/Anke-2-2.jpg","type":"","width":"","height":""}],"twitter_card":"summary_large_image","twitter_misc":{"Gesch\u00e4tzte Lesezeit":"1\u00a0Minute"},"schema":{"@context":"https:\/\/schema.org","@graph":[{"@type":"WebPage","@id":"https:\/\/familiengeschichte-erleben.de\/?page_id=36","url":"https:\/\/familiengeschichte-erleben.de\/?page_id=36","name":"\u00dcber mich - Familiengeschichte erleben - Anke Stier","isPartOf":{"@id":"https:\/\/familiengeschichte-erleben.de\/#website"},"primaryImageOfPage":{"@id":"https:\/\/familiengeschichte-erleben.de\/?page_id=36#primaryimage"},"image":{"@id":"https:\/\/familiengeschichte-erleben.de\/?page_id=36#primaryimage"},"thumbnailUrl":"http:\/\/familiengeschichte-erleben.de\/wp-content\/uploads\/2020\/01\/Anke-2-2.jpg","datePublished":"2020-01-05T18:44:50+00:00","dateModified":"2020-01-29T21:37:18+00:00","description":"\u00dcber mich - Familiengeschichte erleben - Anke Stier. Ahnenforschung - meine pers\u00f6nliche Motivation: Nur wer seine Wurzeln kennt kann leben.","breadcrumb":{"@id":"https:\/\/familiengeschichte-erleben.de\/?page_id=36#breadcrumb"},"inLanguage":"de","potentialAction":[{"@type":"ReadAction","target":["https:\/\/familiengeschichte-erleben.de\/?page_id=36"]}]},{"@type":"ImageObject","inLanguage":"de","@id":"https:\/\/familiengeschichte-erleben.de\/?page_id=36#primaryimage","url":"https:\/\/familiengeschichte-erleben.de\/wp-content\/uploads\/2020\/01\/Anke-2-2.jpg","contentUrl":"https:\/\/familiengeschichte-erleben.de\/wp-content\/uploads\/2020\/01\/Anke-2-2.jpg","width":346,"height":412},{"@type":"BreadcrumbList","@id":"https:\/\/familiengeschichte-erleben.de\/?page_id=36#breadcrumb","itemListElement":[{"@type":"ListItem","position":1,"name":"Startseite","item":"https:\/\/familiengeschichte-erleben.de\/"},{"@type":"ListItem","position":2,"name":"\u00dcber mich"}]},{"@type":"WebSite","@id":"https:\/\/familiengeschichte-erleben.de\/#website","url":"https:\/\/familiengeschichte-erleben.de\/","name":"Familiengeschichte erleben","description":"","publisher":{"@id":"https:\/\/familiengeschichte-erleben.de\/#\/schema\/person\/0e3136c0d00fa15f9588438744240a62"},"potentialAction":[{"@type":"SearchAction","target":{"@type":"EntryPoint","urlTemplate":"https:\/\/familiengeschichte-erleben.de\/?s={search_term_string}"},"query-input":{"@type":"PropertyValueSpecification","valueRequired":true,"valueName":"search_term_string"}}],"inLanguage":"de"},{"@type":["Person","Organization"],"@id":"https:\/\/familiengeschichte-erleben.de\/#\/schema\/person\/0e3136c0d00fa15f9588438744240a62","name":"hickelti","image":{"@type":"ImageObject","inLanguage":"de","@id":"https:\/\/secure.gravatar.com\/avatar\/2cbf71068d9b77d00a75a42210cb5bd46f5395fdd0d6ad34ea23fd9bc7ed98ee?s=96&d=mm&r=g","url":"https:\/\/secure.gravatar.com\/avatar\/2cbf71068d9b77d00a75a42210cb5bd46f5395fdd0d6ad34ea23fd9bc7ed98ee?s=96&d=mm&r=g","contentUrl":"https:\/\/secure.gravatar.com\/avatar\/2cbf71068d9b77d00a75a42210cb5bd46f5395fdd0d6ad34ea23fd9bc7ed98ee?s=96&d=mm&r=g","caption":"hickelti"},"logo":{"@id":"https:\/\/secure.gravatar.com\/avatar\/2cbf71068d9b77d00a75a42210cb5bd46f5395fdd0d6ad34ea23fd9bc7ed98ee?s=96&d=mm&r=g"}}]}},"_links":{"self":[{"href":"https:\/\/familiengeschichte-erleben.de\/index.php?rest_route=\/wp\/v2\/pages\/36","targetHints":{"allow":["GET"]}}],"collection":[{"href":"https:\/\/familiengeschichte-erleben.de\/index.php?rest_route=\/wp\/v2\/pages"}],"about":[{"href":"https:\/\/familiengeschichte-erleben.de\/index.php?rest_route=\/wp\/v2\/types\/page"}],"author":[{"embeddable":true,"href":"https:\/\/familiengeschichte-erleben.de\/index.php?rest_route=\/wp\/v2\/users\/1"}],"replies":[{"embeddable":true,"href":"https:\/\/familiengeschichte-erleben.de\/index.php?rest_route=%2Fwp%2Fv2%2Fcomments&post=36"}],"version-history":[{"count":22,"href":"https:\/\/familiengeschichte-erleben.de\/index.php?rest_route=\/wp\/v2\/pages\/36\/revisions"}],"predecessor-version":[{"id":490,"href":"https:\/\/familiengeschichte-erleben.de\/index.php?rest_route=\/wp\/v2\/pages\/36\/revisions\/490"}],"wp:attachment":[{"href":"https:\/\/familiengeschichte-erleben.de\/index.php?rest_route=%2Fwp%2Fv2%2Fmedia&parent=36"}],"curies":[{"name":"wp","href":"https:\/\/api.w.org\/{rel}","templated":true}]}}